(base 8) in base 13?
-10
What is 25 (base 11) in base 5?
102
What is 7 (base 14) in base 13?
7
Convert 11 (base 11) to base 5.
22
Convert 89 (base 14) to base 13.
94
Convert 36 (base 8) to base 10.
30
What is 0 (base 8) in base 12?
0
Convert -15 (base 8) to base 6.
-21
-13 (base 14) to base 7
-23
Convert -5 (base 16) to base 10.
-5
-9 (base 16) to base 13
-9
Convert -1 (base 15) to base 13.
-1
2100 (base 3) to base 8
77
Convert -111101 (base 2) to base 6.
-141
What is -24 (base 9) in base 16?
-16
What is 10 (base 4) in base 10?
4
Convert -86 (base 14) to base 7.
-226
-118 (base 13) to base 14
-d8
What is 3 (base 12) in base 16?
3
What is 110 (base 2) in base 8?
6
-152 (base 6) to base 5
-233
-75 (base 12) to base 3
-10022
What is -312 (base 9) in base 12?
-192
Convert -142 (base 6) to base 8.
-76
-3 (base 11) to base 4
-3
-7e (base 15) to base 10
-119
Convert -6 (base 14) to base 10.
-6
100 (base 6) to base 16
24
What is -126 (base 11) in base 16?
-95
What is 13 (base 13) in base 5?
31
What is -3 (base 7) in base 10?
-3
-332 (base 5) to base 14
-68
What is -64 (base 16) in base 14?
-72
Convert -105 (base 8) to base 15.
-49
4 (base 14) to base 7
4
5 (base 10) to base 15
5
What is -5a (base 12) in base 6?
-154
What is 2 (base 9) in base 11?
2
Convert -1001 (base 2) to base 11.
-9
19 (base 11) to base 5
40
What is 11100100 (base 2) in base 7?
444
Convert -3 (base 7) to base 2.
-11
-1222 (base 3) to base 8
-65
Convert -10 (base 2) to base 5.
-2
Convert -142 (base 7) to base 10.
-79
Convert 2 (base 14) to base 3.
2
30 (base 6) to base 9
20
What is 13 (base 10) in base 13?
10
Convert 6 (base 16) to base 4.
12
-1 (base 14) to base 4
-1
Convert -2 (base 8) to base 6.
-2
What is -33 (base 9) in base 12?
-26
15 (base 7) to base 15
c
What is 10101 (base 2) in base 13?
18
Convert -41 (base 10) to base 7.
-56
Convert -1 (base 4) to base 6.
-1
What is -32 (base 7) in base 3?
-212
Convert 12202 (base 3) to base 12.
10b
What is 26 (base 10) in base 2?
11010
Convert -83 (base 10) to base 9.
-102
Convert -16 (base 13) to base 9.
-21
What is 15 (base 9) in base 14?
10
Convert 11 (base 4) to base 12.
5
-1 (base 16) to base 8
-1
Convert 1 (base 15) to base 12.
1
-131 (base 6) to base 11
-50
What is 310 (base 5) in base 14?
5a
Convert -2 (base 6) to base 5.
-2
-11 (base 3) to base 12
-4
-9 (base 16) to base 15
-9
Convert -1010 (base 2) to base 6.
-14
What is 323 (base 11) in base 4?
12010
Convert -1 (base 6) to base 8.
-1
What is -2 (base 14) in base 8?
-2
What is 10 (base 12) in base 5?
22
Convert 35 (base 7) to base 9.
28
What is -60 (base 9) in base 6?
-130
-21 (base 3) to base 4
-13
What is 1 (base 8) in base 6?
1
4a (base 11) to base 2
110110
What is -45 (base 13) in base 15?
-3c
1 (base 15) to base 4
1
What is 0 (base 15) in base 4?
0
Convert 4 (base 10) to base 8.
4
Convert -8 (base 10) to base 5.
-13
a0 (base 11) to base 9
132
Convert -10 (base 6) to base 7.
-6
Convert -3 (base 4) to base 5.
-3
Convert -243 (base 6) to base 2.
-1100011
What is -3 (base 4) in base 3?
-10
What is 1 (base 9) in base 6?
1
-135 (base 15) to base 7
-542
-4 (base 14) to base 16
-4
What is -2 (base 6) in base 7?
-2
What is 43 (base 9) in base 16?
27
Convert -10 (base 7) to base 2.
-111
1 (base 5) to base 4
1
0 (base 12) to base 5
0
What is 2d (base 14) in base 2?
101001
2 (base 15) to base 3
2
Convert -4 (base 5) to base 7.
-4
What is 1001 (base 3) in base 7?
40
-5 (base 13) to base 5
-10
-11 (base 6) to base 3
-21
Convert -13 (base 4) to base 7.
-10
3 (base 9) to base 14
3
Convert 2d (base 15) to base 4.
223
Convert -1 (base 5) to base 3.
-1
Convert -2012 (base 3) to base 7.
-113
25 (base 9) to base 16
17
b (base 13) to base 5
21
What is 7 (base 9) in base 7?
10
Convert 110010 (base 2) to base 3.
1212
What is 22112 (base 3) in base 16?
e6
-82 (base 13) to base 8
-152
What is -13 (base 6) in base 5?
-14
Convert 13 (base 10) to base 4.
31
What is -303 (base 5) in base 16?
-4e
What is 1 (base 9) in base 16?
1
Convert 15 (base 9) to base 16.
e
5 (base 15) to base 6
5
Convert 10100010 (base 2) to base 11.
138
-5 (base 14) to base 12
-5
-11 (base 6) to base 14
-7
What is -101 (base 3) in base 16?
-a
What is 35 (base 10) in base 12?
2b
Convert -11 (base 10) to base 4.
-23
Convert -2 (base 8) to base 2.
-10
Convert 221 (base 3) to base 4.
121
What is -a4 (base 14) in base 15?
-99
-4 (base 5) to base 12
-4
Convert 261 (base 7) to base 5.
1031
What is -3 (base 9) in base 6?
-3
Convert 120 (base 3) to base 9.
16
Convert -100 (base 2) to base 9.
-4
Convert -39 (base 12) to base 3.
-1200
What is -27 (base 16) in base 15?
-29
What is -310 (base 7) in base 16?
-9a
Convert -8 (base 9) to base 12.
-8
1ab (base 14) to base 11
296
What is -3 (base 14) in base 15?
-3
40 (base 13) to base 10
52
Convert 3 (base 10) to base 11.
3
What is 0 (base 9) in base 11?
0
What is 101 (base 3) in base 9?
11
-77 (base 9) to base 14
-50
3 (base 15) to base 11
3
Convert 113 (base 5) to base 9.
36
What is 26 (base 9) in base 8?
30
2 (base 9) to base 6
2
2 (base 16) to base 12
2
What is 3 (base 11) in base 13?
3
Convert 47 (base 10) to base 4.
233
What is 143 (base 5) in base 13?
39
Convert -1 (base 15) to base 12.
-1
Convert -6 (base 14) to base 16.
-6
3 (base 5) to base 7
3
What is -5 (base 8) in base 7?
-5
Convert -7 (base 15) to base 13.
-7
-12 (base 4) to base 16
-6
Convert 1 (base 11) to base 14.
1
What is f (base 16) in base 10?
15
What is 1 (base 14) in base 10?
1
Convert -1002 (base 3) to base 8.
-35
Convert 2 (base 11) to base 5.
2
Convert -16 (base 9) to base 7.
-21
-11 (base 7) to base 3
-22
What is -21 (base 4) in base 3?
-100
What is -3 (base 9) in base 15?
-3
What is -2 (base 11) in base 12?
-2
-74 (base 8) to base 12
-50
-1101 (base 3) to base 6
-101
-512 (base 8) to base 16
-14a
Convert -1 (base 8) to base 13.
-1
-11 (base 3) to base 7
-4
What is 5 (base 14) in base 6?
5
Convert -3 (base 8) to base 4.
-3
2 (base 11) to base 15
2
What is -12 (base 15) in base 11?
-16
102 (base 3) to base 5
21
What is 223 (base 7) in base 15?
7a
What is 108 (base 10) in base 13?
84
47 (base 12) to base 6
131
What is a (base 13) in base 16?
a
What is -1 (base 5) in base 13?
-1
What is 94 (base 15) in base 12?
b7
What is 4a (base 13) in base 6?
142
Convert 1 (base 6) to base 16.
1
Convert -7 (base 11) to base 8.
-7
-6 (base 15) to base 16
-6
What is -335 (base 9) in base 13?
-182
-9f (base 16) to base 15
-a9
Convert -3 (base 4) to base 11.
-3
What is 1 (base 9) in base 6?
1
-472 (base 8) to base 9
-378
6 (base 10) to base 6
10
100100 (base 2) to base 4
210
-94 (base 15) to base 5
-1024
10 (base 10) to base 5
20
What is -a (base 14) in base 16?
-a
-44 (base 10) to base 6
-112
Convert -3 (base 4) to base 2.
-11
Convert 84 (base 12) to base 10.
100
Convert -1 (base 7) to base 11.
-1
-10 (base 5) to base 10
-5
What is -6 (base 14) in base 15?
-6
9 (base 12) to base 6
13
Convert 182 (base 9) to base 13.
bc
What is 111 (base 2) in base 9?
7
What is 2 (base 15) in base 13?
2
-24 (base 7) to base 15
-13
Convert -10102 (base 3) to base 2.
-1011100
What is b7 (base 14) in base 11?
137
What is -2 (base 9) in base 6?
-2
1 (base 15) to base 12
1
Convert -11 (base 7) to base 13.
-8
Convert 39 (base 13) to base 6.
120
Convert -6 (base 13) to base 14.
-6
Convert -21 (base 11) to base 4.
-113
What is 1 (base 12) in base 8?
1
10a (base 14) to base 5
1311
Convert 26 (base 9) to base 12.
20
-41 (base 13) to base 4
-311
What is -10 (base 3) in base 10?
-3
-12 (base 3) to base 9
-5
1 (base 13) to base 4
1
What is -3 (base 11) in base 8?
-3
-100 (base 2) to base 5
-4
Convert -1 (base 13) to base 12.
-1
What is 10001 (base 2) in base 14?
13
9 (base 13) to base 11
9
What is -144 (base 5) in base 11?
-45
What is -6 (base 12) in base 3?
-20
Convert 12 (base 14) to base 12.
14
Convert 133 (base 10) to base 14.
97
Convert -a8 (base 13) to base 2.
-10001010
Convert -10 (base 4) to base 13.
-4
Convert 53 (base 15) to base 11.
71
What is 136 (base 7) in base 16?
4c
What is -35 (base 6) in base 13?
-1a
-2 (base 5) to base 15
-2
Convert 16 (base 9) to base 15.
10
What is -50 (base 9) in base 7?
-63
What is 16 (base 9) in base 7?
21
Convert 22 (base 7) to base 15.
11
What is 53 (base 7) in base 9?
42
What is -5 (base 6) in base 8?
-5
Convert 140 (base 